64
Calculate the remainder when 41 is divided by 8.
1
Calculate the remainder when 363 is divided by 118.
9
Calculate the remainder when 398 is divided by 21.
20
What is the remainder when 1252 is divided by 83?
7
Calculate the remainder when 440 is divided by 21.
20
What is the remainder when 423 is divided by 59?
10
What is the remainder when 1049 is divided by 4?
1
What is the remainder when 308 is divided by 52?
48
Calculate the remainder when 643 is divided by 293.
57
What is the remainder when 307 is divided by 41?
20
Calculate the remainder when 53 is divided by 42.
11
What is the remainder when 13460 is divided by 68?
64
Calculate the remainder when 152 is divided by 14.
12
Calculate the remainder when 12 is divided by 11.
1
What is the remainder when 8434 is divided by 59?
56
What is the remainder when 797 is divided by 39?
17
What is the remainder when 71 is divided by 4?
3
What is the remainder when 172 is divided by 58?
56
Calculate the remainder when 2103 is divided by 27.
24
Calculate the remainder when 156 is divided by 53.
50
Calculate the remainder when 5755 is divided by 288.
283
What is the remainder when 86 is divided by 86?
0
Calculate the remainder when 907 is divided by 92.
79
What is the remainder when 123 is divided by 25?
23
Calculate the remainder when 183 is divided by 27.
21
Calculate the remainder when 49 is divided by 21.
7
What is the remainder when 208 is divided by 30?
28
Calculate the remainder when 370 is divided by 79.
54
Calculate the remainder when 74 is divided by 15.
14
Calculate the remainder when 44 is divided by 4.
0
Calculate the remainder when 1576 is divided by 39.
16
What is the remainder when 301 is divided by 76?
73
Calculate the remainder when 2097 is divided by 42.
39
What is the remainder when 177 is divided by 95?
82
What is the remainder when 474 is divided by 53?
50
What is the remainder when 688 is divided by 188?
124
What is the remainder when 7138 is divided by 70?
68
What is the remainder when 27 is divided by 6?
3
What is the remainder when 566 is divided by 106?
36
What is the remainder when 1216 is divided by 245?
236
Calculate the remainder when 95 is divided by 32.
31
What is the remainder when 112 is divided by 39?
34
Calculate the remainder when 592 is divided by 18.
16
Calculate the remainder when 516 is divided by 74.
72
Calculate the remainder when 3079 is divided by 206.
195
Calculate the remainder when 407 is divided by 101.
3
What is the remainder when 93 is divided by 82?
11
Calculate the remainder when 374 is divided by 21.
17
Calculate the remainder when 1560 is divided by 262.
250
What is the remainder when 819 is divided by 35?
14
Calculate the remainder when 25397 is divided by 166.
165
Calculate the remainder when 306 is divided by 64.
50
Calculate the remainder when 336 is divided by 43.
35
What is the remainder when 184 is divided by 10?
4
What is the remainder when 105 is divided by 19?
10
What is the remainder when 200 is divided by 54?
38
Calculate the remainder when 1244 is divided by 329.
257
Calculate the remainder when 699 is divided by 100.
99
What is the remainder when 1709 is divided by 16?
13
What is the remainder when 3604 is divided by 720?
4
Calculate the remainder when 203 is divided by 98.
7
What is the remainder when 857 is divided by 66?
65
What is the remainder when 93 is divided by 29?
6
What is the remainder when 329 is divided by 56?
49
Calculate the remainder when 47 is divided by 8.
7
What is the remainder when 530 is divided by 78?
62
What is the remainder when 375 is divided by 42?
39
Calculate the remainder when 620 is divided by 21.
11
Calculate the remainder when 151 is divided by 31.
27
Calculate the remainder when 304 is divided by 27.
7
Calculate the remainder when 124 is divided by 63.
61
What is the remainder when 882 is divided by 183?
150
Calculate the remainder when 11390 is divided by 89.
87
What is the remainder when 72 is divided by 11?
6
Calculate the remainder when 376 is divided by 39.
25
What is the remainder when 104 is divided by 5?
4
Calculate the remainder when 734 is divided by 367.
0
Calculate the remainder when 261 is divided by 33.
30
What is the remainder when 1051 is divided by 32?
27
Calculate the remainder when 1411 is divided by 101.
98
What is the remainder when 8138 is divided by 44?
42
Calculate the remainder when 4203 is divided by 1398.
9
Calculate the remainder when 83 is divided by 43.
40
What is the remainder when 267 is divided by 62?
19
What is the remainder when 774 is divided by 30?
24
What is the remainder when 335 is divided by 261?
74
What is the remainder when 382 is divided by 48?
46
Calculate the remainder when 94 is divided by 9.
4
Calculate the remainder when 1696 is divided by 94.
4
What is the remainder when 99 is divided by 43?
13
Calculate the remainder when 21 is divided by 11.
10
What is the remainder when 81122 is divided by 275?
272
Calculate the remainder when 154 is divided by 26.
24
What is the remainder when 1587 is divided by 4?
3
Calculate the remainder when 16 is divided by 13.
3
What is the remainder when 5 is divided by 3?
2
What is the remainder when 136 is divided by 21?
10
What is the remainder when 553 is divided by 95?
78
What is the remainder when 120 is divided by 38?
6
What is the remainder when 201 is divided by 113?
88
Calculate the remainder when 107 is divided by 105.
2
Calculate the remainder when 983 is divided by 52.
47
Calculate the remainder when 9347 is divided by 17.
14
What is the remainder when 119 is divided by 11?
9
Calculate the remainder when 13101 is divided by 437.
428
Calculate the remainder when 23 is divided by 4.
3
What is the remainder when 98 is divided by 16?
2
What is the remainder when 215 is divided by 78?
59
What is the remainder when 200 is divided by 39?
5
Calculate the remainder when 3622 is divided by 151.
149
Calculate the remainder when 490 is divided by 206.
78
What is the remainder when 42 is divided by 20?
2
What is the remainder when 94 is divided by 28?
10
Calculate the remainder when 892 is divided by 100.
92
Calculate the remainder when 1794 is divided by 30.
24
What is the remainder when 2806 is divided by 72?
70
Calculate the remainder when 1456 is divided by 34.
28
Calculate the remainder when 36 is divided by 7.
1
Calculate the remainder when 459 is divided by 224.
11
What is the remainder when 31 is divided by 13?
5
What is the remainder when 418 is divided by 209?
0
What is the remainder when 739 is divided by 124?
119
Calculate the remainder when 3873 is divided by 12.
9
Calculate the remainder when 1743 is divided by 435.
3
Calculate the remainder when 139 is divided by 10.
9
What is the remainder when 1176 is divided by 20?
16
Calculate the remainder when 133 is divided by 43.
4
Calculate the remainder when 178 is divided by 28.
10
What is the remainder when 137 is divided by 114?
23
What is the remainder when 462 is divided by 92?
2
Calculate the remainder when 35 is divided by 20.
15
Calculate the remainder when 139 is divided by 20.
19
Calculate the remainder when 678 is divided by 336.
6
What is the remainder when 481 is divided by 223?
35
Calculate the remainder when 100 is divided by 25.
0
What is the remainder when 93 is divided by 21?
9
What is the remainder when 163 is divided by 5?
3
Calculate the remainder when 3527 is divided by 271.
4
Calculate the remainder when 58 is divided by 38.
20
What is the remainder when 27 is divided by 5?
2
What is the remainder when 2164 is divided by 11?
8
What is the remainder when 517 is divided by 65?
62
Calculate the remainder when 917 is divided by 30.
17
What is the remainder when 178 is divided by 45?
43
What is the remainder when 55 is divided by 30?
25
Calculate the remainder when 7368 is divided by 134.
132
Calculate the remainder when 3015 is divided by 53.
47
What is the remainder when 15 is divided by 8?
7
What is the remainder when 503 is divided by 28?
27
What is the remainder when 90 is divided by 85?
5
What is the remainder when 386 is divided by 103?
77
Calculate the remainder when 306 is divided by 204.
102
What is the remainder when 38 is divided by 2?
0
What is the remainder when 740 is divided by 7?
5
What is the remainder when 434 is divided 